t w(o) = o**3 - 11*o**2 - 5*o + 59. Give w(11).
4
Let u(c) = 2*c**3 + 77*c**2 - 115*c + 195. What is u(-40)?
-5
Let s(a) = -a**2 + 12*a - 153. Determine s(16).
-217
Let r(u) = u**2 + 64*u + 687. Determine r(-36).
-321
Let p(d) = 5*d**3 - 61*d**2 + 119. Determine p(12).
-25
Let b(d) = -4*d**2 + 280*d - 296. Give b(69).
-20
Let x(f) = 4*f**2 - 73*f + 270. What is x(5)?
5
Let z(n) = 87*n - 6. Determine z(-1).
-93
Let c(h) = -h**2 + 18*h - 16. Calculate c(18).
-16
Let y(k) = 5*k - 529. Give y(105).
-4
Let x(w) = 5*w**2 + w - 15. Determine x(0).
-15
Let c(d) = 11*d - 34. What is c(-3)?
-67
Let h(w) = 2*w**3 - 30*w**2 + w - 40. Determine h(15).
-25
Let j(y) = y**3 + 22*y**2 + 232*y + 3841. Calculate j(-20).
1
Let t(k) = -k**2 - 45*k - 442. Calculate t(-15).
8
Let x(w) = -w**2 + 57*w + 657. Determine x(-9).
63
Let o(t) = -1046*t - 6271. Give o(-6).
5
Let y(o) = 2*o + 472. Calculate y(-36).
400
Let q(c) = 2*c**2 - 44*c - 8. Give q(-3).
142
Let u(c) = -3*c**3 - 16*c**2 - 73*c - 24. Determine u(-5).
316
Let l(p) = -p**3 + 3*p**2 + 62*p - 6. Give l(-7).
50
Let j(b) = b**3 - 13*b**2 - b - 9. What is j(16)?
743
Let v(i) = -3*i**2 - 194*i - 2323. Determine v(-16).
13
Let m(q) = 10039*q + 30112. Calculate m(-3).
-5
Let t(l) = 7*l**2 - 6*l + 9. What is t(-5)?
214
Let f(h) = -101*h - 850. Calculate f(-8).
-42
Let l(i) = -44*i - 145. Give l(-5).
75
Let n(k) = 11*k**3 + 203*k**2 + 89*k - 21. Determine n(-18).
-3
Let l(k) = -51*k - 846. Give l(-18).
72
Let b(j) = 46*j**3 + 2*j**2 - j - 2. Determine b(1).
45
Let x(v) = -v**2 + 63*v - 917. Determine x(19).
-81
Let q(r) = r**2 - 3*r - 155. Determine q(-10).
-25
Let i(c) = c**3 - 6*c**2 - 47*c + 10. Calculate i(11).
98
Let h(g) = 1047*g + 10464. Give h(-10).
-6
Let k(s) = 2*s**3 + 22*s**2 + 41*s + 55. Calculate k(-9).
10
Let m(q) = 11*q**2 - 4*q + 3. Calculate m(-2).
55
Let q(b) = -194*b - 6786. Determine q(-35).
4
Let d(m) = m**2 + 68*m + 842. Calculate d(-53).
47
Let r(q) = -189*q - 403. Determine r(-3).
164
Let c(q) = 37*q**3 + 4*q**2 - 10*q + 29. What is c(3)?
1034
Let u(s) = 18*s - 566. Calculate u(34).
46
Let j(t) = 11*t**2 - 9*t - 5. Calculate j(5).
225
Let p(s) = -3*s**3 - 38*s**2 - 54*s - 358. Calculate p(-12).
2
Let j(n) = 11*n - 680. Determine j(67).
57
Let w(s) = -5*s**3 - 59*s**2 - 27*s + 193. What is w(-11)?
6
Let k(a) = -3*a**3 - 6*a**2 - 22*a + 70. Give k(3).
-131
Let r(t) = t**2 + 78*t - 4723. Give r(-118).
-3
Let b(f) = -f + 52. Give b(-13).
65
Let v(a) = -a**2 + 393*a + 786. What is v(0)?
786
Let k(d) = 2*d + 3. Calculate k(-14).
-25
Let a(i) = 30*i**2 - 591*i - 172. Give a(20).
8
Let w(l) = -l**2 - 8*l - 18. What is w(-12)?
-66
Let n(x) = -x**2 - 6*x - 21. Determine n(-5).
-16
Let d(z) = 867*z - 17341. What is d(20)?
-1
Let m(u) = u**3 - 26*u**2 - 22*u + 513. Give m(26).
-59
Let t(o) = o**3 + 41*o**2 + 26*o - 95. Determine t(-40).
465
Let v(t) = t**2 - 26*t - 77. Determine v(31).
78
Let b(v) = 1093*v + 4. Give b(0).
4
Let p(m) = -2*m**3 + 21*m**2 - 38*m + 11. Calculate p(8).
27
Let j(h) = 137*h - 2050. Calculate j(15).
5
Let q(y) = -24*y**2 - 1353*y - 215. Calculate q(-56).
289
Let v(r) = 13*r + 966. What is v(-74)?
4
Let v(m) = -6*m**2 - 904*m + 1814. Determine v(2).
-18
Let b(p) = 2*p**3 - 77*p**2 - 130*p + 76. What is b(40)?
-324
Let t(o) = 19*o**2 - 65*o + 119. What is t(2)?
65
Let g(f) = 17*f**3 + 7*f**2 - 7*f - 1. Determine g(1).
16
Let p(x) = 2*x**3 - 8*x**2 - 65*x - 13. Give p(-4).
-9
Let a(k) = 4*k**3 - 21*k + 72. Give a(3).
117
Let u(p) = -2*p**2 + 34*p - 139. What is u(8)?
5
Let f(m) = 152*m - 131. What is f(1)?
21
Let v(f) = -f**3 + 3*f**2 - 3*f + 155. Give v(7).
-62
Let w(t) = t**3 - 97*t**2 - 102*t - 60. Determine w(98).
-452
Let i(r) = -r**2 + 54*r + 598. Determine i(62).
102
Let r(z) = -73*z - 225. Determine r(-3).
-6
Let k(l) = l**2 - 135*l - 5743. Calculate k(-34).
3
Let a(m) = -m**3 + m**2 + 16*m + 6. Calculate a(0).
6
Let z(g) = -4*g**2 + 31*g - 51. What is z(6)?
-9
Let d(y) = -10*y**2 + 371*y - 46. What is d(37)?
-9
Let a(b) = -5*b**2 - 27*b + 45. Give a(0).
45
Let p(d) = d**3 + 44*d**2 + 44*d + 54. Give p(-43).
11
Let w(x) = -x**3 + 3*x**2 - x + 22. Calculate w(3).
19
Let o(z) = -z**3 + 26*z**2 - 171*z + 286. Determine o(17).
-20
Let t(p) = 18*p - 2011. Determine t(109).
-49
Let x(u) = 4*u**3 - 11*u**2 - 18*u + 19. Determine x(6).
379
Let d(k) = -3*k**2 - 74*k - 376. Calculate d(-8).
24
Let k(r) = -11*r**3 - 66*r**2 + 7*r + 68. Give k(-6).
26
Let d(q) = -q**3 - 60*q**2 + 396*q + 4. Determine d(-66).
4
Let t(c) = -66*c + 86. Calculate t(3).
-112
Let l(t) = t**2 + 71*t + 856. What is l(-56)?
16
Let f(t) = 3*t**2 + 20*t + 99. Calculate f(-8).
131
Let q(a) = -3*a**2 - 202*a + 2043. Calculate q(10).
-277
Let w(n) = 192*n + 4992. Calculate w(-26).
0
Let k(t) = 131*t + 242. Calculate k(-4).
-282
Let s(l) = 1772*l - 12371. Determine s(7).
33
Let z(g) = g**3 - 11*g**2 + 26*g - 223. What is z(7)?
-237
Let b(a) = 13*a**2 + 58*a - 26. Give b(-5).
9
Let q(v) = 6*v - 139. What is q(6)?
-103
Let t(c) = -c**2 - 333*c + 1012. Give t(3).
4
Let h(u) = 2*u**2 - 19*u + 66. Give h(6).
24
Let x(b) = 2*b**3 - 27*b**2 - 43*b + 20. Calculate x(15).
50
Let c(m) = 2*m**2 - 27*m - 3060. Give c(-33).
9
Let j(g) = g**3 - 20*g**2 - 44*g - 5. Calculate j(22).
-5
Let z(o) = 19*o**2 - 1026*o - 9. Give z(54).
-9
Let l(f) = -60*f + 560. Calculate l(9).
20
Let q(x) = -38*x - 694. What is q(-17)?
-48
Let s(i) = i**3 + 41*i**2 - 234*i - 188. Give s(-46).
-4
Let y(c) = -c**2 - 2009*c + 40606. Determine y(20).
26
Let b(h) = -2*h**3 - 10*h**2 + 41*h - 4. Give b(-8).
52
Let m(a) = 10*a**2 + 2*a + 11. Determine m(-4).
163
Let s(m) = -m**2 - 69*m - 638. What is s(-24)?
442
Let p(o) = -o**3 - 42*o**2 - 376*o + 3. Give p(-13).
-10
Let r(h) = -33*h**3 - 24*h**2 + 43*h. What is r(2)?
-274
Let d(n) = 6*n**3 + 1297*n**2 + 212*n - 861. Give d(-216).
3
Let b(k) = -k**3 - 40*k**2 + 82*k - 80. Determine b(-42).
4
Let f(q) = 38*q - 1433. Give f(38).
11
Let d(k) = 3291*k + 32914. Give d(-10).
4
Let z(c) = -c**3 - 23*c**2 + 58*c + 190. Determine z(-25).
-10
Let t(b) = 359*b + 140719. Give t(-392).
-9
Let v(q) = 2*q**2 - 19*q + 5. Determine v(9).
-4
Let z(v) = -8*v**3 + 462*v**2 + 116*v + 7. What is z(58)?
7
Let g(t) = -t**2 + 47*t - 84. What is g(51)?
-288
Let r(p) = -p**2 - 56*p - 514. Calculate r(-11).
-19
Let a(f) = -11*f - 253. Determine a(-13).
-110
Let p(a) = 7*a**2 + 17*a - 67. Calculate p(5).
193
Let h(s) = -40*s + 393. Determine h(10).
-7
Let g(u) = -246*u**3 + 2*u**2 + 37*u - 38. What is g(1)?
-245
Let p(i) = -i**3 + 46*i**2 - 90*i + 194. Give p(44).
106
Let m(z) = 718*z + 1437. What is m(-2)?
1
Let t(j) = 87*j**2 + 2*j - 1. Determine t(-2).
343
Let d(x) = -762*x + 3794. Give d(5).
-16
Let n(x) = x**2 - 8*x + 29. Give n(4).
13
Let v(l) = 1416*l - 46732. What is v(33)?
-4
Let i(q) = -69*q + 968. Calculate i(14).
2
Let t(o) = -60*o - 5629. What is t(-94)?
11
Let q(a) = a**3 + 2*a**2 - 7*a. Determine q(3).
24
Let x(g) = -g**2 + 58*g + 6528. Calculate x(-57).
-27
Let l(d) = 2*d**2 - 45*d - 262. Give l(27).
-19
Let x(n) = 10*n - 99. Give x(8).
-19
Let j(r) = -r**2 + 89*r - 245. What is j(81)?
403
Let j(l) = -203*l + 10153. Give j(50).
3
Let z(k) = 1191*k - 53607. Calculate z(45).
-12
Let t(s) = -s**3 + 8*s**2 - 25*s - 19. Give t(8).
-219
Let x(f) = -f**2 - 43*f + 729. Give x(-56).
1
Let j(o) = -859*o + 46. Calculate j(1).
-813
Let z(c) = c**3 - 13*c**2 - 17*c - 6. Determine z(8).
-462
Let l(k) = -k**3 + 80*k**2 - 876*k + 258. Determine l(67).
-77
Let j(a) = -4*a**2 + 28*a + 254. Give j(-7).
-138
Let f(h) = -339*h - 106. Give f(-1).
233
Let v(w) = 4*w**3 - 6*w**2 - 6*w - 4. Give v(4).
132
Let n(a) = -157*a - 4554. Give n(-29).
-1
Let k(v) = -v**2 + 39*v + 438. What is k(-9)?
6
Let z(a) = 13*a - 251. What is z(16)?
-43
Let p(i) = -27*i**3 + 2*i**2 - 3*i - 9. Determine p(-1).
23
Let s(y) = 1552*y - 10817. Give s(7).
47
Let v(g) = g**2 - 3*g - 14. What is v(6)?
4
Let d(s) = 4*s**3 + 58*s**2 - 20*s + 4. Calculate d(-15).
-146
Let c(o) = o**3 - o**2 - 31*o - 49. Determine c(-4).
-5
Let l(j) = -j**3 - 17*j**2 - 58*j - 20. Determine l(-11).
-108
Let z(f) = 30*f**2 - 46*f + 22. Calculate z(4).
318
Let n(t) = 253*t - 3042. What is n(12)?
-6
Let h(p) = -p**2 + 23*p + 1123. What is h(-24)?
-5
Let r(b) = b**3 + 14*b**2 - 237*b - 38. Wha